ber?
False
Is 13033758313 a prime number?
False
Is 7387819669 composite?
True
Is 273548467351 a composite number?
True
Is 45448970555 prime?
False
Is 285444679853 a prime number?
True
Is 15098677697 prime?
True
Is 8524649699 composite?
True
Is 148867373 a prime number?
True
Is 2534159299 a composite number?
True
Is 85401450437 prime?
True
Is 9231316051 prime?
False
Is 5703012841 a composite number?
True
Is 40602050942 a composite number?
True
Is 20169500207 a composite number?
False
Is 14054265509 a prime number?
True
Is 2159134321 composite?
False
Is 749291717 composite?
True
Is 1667072879 prime?
True
Is 8554206209 composite?
True
Is 74777470109 composite?
False
Is 2200886693 prime?
True
Is 14618156305 a composite number?
True
Is 3487967831 composite?
False
Is 53466621809 a composite number?
True
Is 1111955687 a prime number?
False
Is 13253495399 composite?
False
Is 1097840459 prime?
True
Is 1122175261 composite?
True
Is 33787647809 a prime number?
False
Is 40747396567 prime?
False
Is 7142613689 a composite number?
False
Is 20760305 a prime number?
False
Is 10679733073 a prime number?
True
Is 31331253869 prime?
True
Is 761140903 a prime number?
True
Is 8457095737 a composite number?
False
Is 1148393663 composite?
True
Is 466708747 composite?
False
Is 1351700359 composite?
True
Is 50392912601 a composite number?
True
Is 503397053 composite?
False
Is 295731833 composite?
True
Is 1390303307 a prime number?
False
Is 441321497 prime?
True
Is 2680693811 prime?
True
Is 606985931 composite?
False
Is 557538911 a composite number?
True
Is 327935687 a prime number?
False
Is 57868165709 prime?
True
Is 3279101951 composite?
False
Is 5125008089 prime?
True
Is 466317949 a composite number?
True
Is 2445454441 a composite number?
False
Is 71807100719 composite?
False
Is 1254518999 composite?
False
Is 620831179 a prime number?
False
Is 350736671 prime?
False
Is 32213537 a composite number?
False
Is 161578457 a composite number?
False
Is 166457541079 prime?
True
Is 8982703279 composite?
True
Is 457956823 composite?
True
Is 23115796243 a composite number?
True
Is 6997916791 composite?
False
Is 53575001483 prime?
True
Is 1312686181 composite?
False
Is 352527533 composite?
True
Is 465605983 prime?
True
Is 48383921489 a prime number?
False
Is 120962981 prime?
False
Is 16183711393 prime?
True
Is 97319182183 composite?
False
Is 9386461369 composite?
False
Is 62579933 prime?
False
Is 1476632623 composite?
False
Is 5217333499 a composite number?
True
Is 3637906621 a prime number?
False
Is 84446981851 a prime number?
True
Is 157053797 composite?
False
Is 446150923 composite?
True
Is 10624509607 a composite number?
False
Is 43723782769 a composite number?
True
Is 2059700099 a composite number?
True
Is 987301031 a prime number?
True
Is 557479237 a prime number?
False
Is 133173743 composite?
False
Is 32247364463 a prime number?
True
Is 2082142945 composite?
True
Is 6076440703 a prime number?
False
Is 10844130707 prime?
True
Is 237682661 a prime number?
False
Is 103499250611 composite?
False
Is 870369317 composite?
False
Is 2209200143 a composite number?
False
Is 7992080321 a prime number?
False
Is 33534838529 prime?
True
Is 16398084257 a composite number?
True
Is 138968587 a prime number?
False
Is 25457607803 prime?
True
Is 10847743691 a prime number?
True
Is 9207811681 a prime number?
True
Is 2080935931 a composite number?
False
Is 1735764887 a composite number?
True
Is 2236286699 a composite number?
False
Is 3956748163 a composite number?
False
Is 887752003 a prime number?
False
Is 613137089 a composite number?
True
Is 17996558443 composite?
False
Is 33022509677 a prime number?
False
Is 50517055753 a composite number?
False
Is 7078427959 a prime number?
False
Is 1013640569 a composite number?
False
Is 71921261 a composite number?
False
Is 18686265151 a prime number?
True
Is 472735738 prime?
False
Is 17963838433 a prime number?
True
Is 38787998021 composite?
False
Is 46147361549 a prime number?
True
Is 2906840899 a composite number?
False
Is 21838500793 prime?
True
Is 142842439 a prime number?
True
Is 11485631321 prime?
False
Is 39034686151 a composite number?
False
Is 2590144493 prime?
True
Is 8417635297 composite?
False
Is 440140669 a prime number?
True
Is 1554366857 a composite number?
True
Is 25712002685 a composite number?
True
Is 37134097023 prime?
False
Is 23245993 composite?
True
Is 126776423938 a prime number?
False
Is 10191949 prime?
False
Is 181318887865 a prime number?
False
Is 1545937139 prime?
False
Is 96584312081 prime?
False
Is 11349483179 composite?
True
Is 14604529 prime?
False
Is 37506852509 a composite number?
True
Is 2574093334 a prime number?
False
Is 59872283762 a prime number?
False
Is 22096457099 a prime number?
True
Is 9330207611 composite?
False
Is 2645978947 prime?
True
Is 449855474 prime?
False
Is 1948455637 a composite number?
False
Is 18067397987 composite?
False
Is 1049334077 composite?
True
Is 597737591 a composite number?
True
Is 56355141067 a prime number?
True
Is 222276345287 a composite number?
False
Is 1117727357 composite?
False
Is 13598025901 prime?
False
Is 14507487011 a prime number?
True
Is 6113998991 composite?
True
Is 79787313677 prime?
False
Is 755797529 a composite number?
True
Is 4103694229 composite?
True
Is 6335816709 a prime number?
False
Is 102888382469 a prime number?
False
Is 13861256879 composite?
True
Is 4383882617 a prime number?
False
Is 1204326077 composite?
True
Is 434574053 prime?
True
Is 80795533859 a prime number?
True
Is 967712239 prime?
False
Is 2420467801 prime?
False
Is 85661777851 prime?
False
Is 113539973 a composite number?
False
Is 121750472219 prime?
True
Is 515222879 a composite number?
False
Is 1734229429 prime?
True
Is 1481935307 composite?
False
Is 23709517826 a composite number?
True
Is 26844963877 prime?
True
Is 15562490609 a prime number?
False
Is 26669671123 a prime number?
True
Is 280420249 a composite number?
False
Is 1004004389 a composite number?
True
Is 57866582869 prime?
False
Is 81598312139 a composite number?
False
Is 701367259 composite?
True
Is 490033192259 a composite number?
True
Is 1523392709 prime?
True
Is 1767494515 a prime number?
False
Is 9476396687 composite?
True
Is 10354422601 a composite number?
True
Is 1510946755 prime?
False
Is 262162849 a composite number?
True
Is 13037170633 a prime number?
False
Is 4850112251 a composite number?
True
Is 5912444633 prime?
False
Is 307892087 composite?
False
Is 8618180861 a prime number?
True
Is 1272309947 composite?
False
Is 112549066709 prime?
False
Is 258711941 composite?
True
Is 298318327 prime?
True
Is 22441799111 prime?
True
Is 1488359797 composite?
False
Is 2807164277 prime?
True
Is 42450451 composite?
False
Is 17004931 prime?
True
Is 751344281 composite?
False
Is 2716208413 prime?
False
Is 909792617 prime?
False
Is 88072133 a composite number?
True
Is 35719238563 prime?
True
Is 9845175503 prime?
False
Is 174287424182 a composite number?
True
Is 396742421 a composite number?
False
Is 4357043161 prime?
False
Is 2879764761 a composite number?
True
Is 1672412849 prime?
False
Is 178785097 composite?
True
Is 5778217139 composite?
False
Is 1674030437 a prime number?
True
Is 3824722241 a composite number?
True
Is 4145703787 a prime number?
False
Is 1309480883 composite?
False
Is 267177971 a prime number?
False
Is 329939317 prime?
True
Is 260306647357 prime?
False
Is 2243949869 composite?
True
Is 17120406463 a composite number?
False
Is 11607980359 prime?
False
Is 1915739857 composite?
False
Is 595542241 prime?
False
Is 774679889 a composite number?
False
Is 42532055099 composite?
True
Is 519259943 composite?
True
Is 3496631713 a prime number?
True
Is 2108106439 prime?
False
Is 13225693553 a prime number?
True
Is 36287462347 a composite number?
True
Is 20109050071 composite?
True
Is 10351888937 a composite number?
True
Is 2863856549 prime?
False
Is 10896393273 a prime number?
False
Is 856138201 a composite number?
False
Is 81777217517 composite?
False
Is 183407410441 a prime number?
True
Is 1949611991 a prime number?
True
Is 11518218449 a prime number?
True
Is 927549211 prime?
False
Is 729988613 prime?
False
Is 1589446633 composite?
False
Is 3196386127 a composite number?
True
Is 20405432059 a prime number?
True
Is 538682831 a compo